
-3
What is 0 + -4 + 7 + -3 - 3?
-3
-5 - -1 - (-6 - -5)
-3
Calculate -3 - ((6 - 7) + 1 + 0).
-3
6 + -9 + (-4 + -3 - -9)
-1
What is 11 + -7 + (2 - 2)?
4
What is (5 - (2 - (-1 - -1))) + 0?
3
Evaluate -4 + (-4 - -5) - 1.
-4
-1 - 2 - -2 - -8
7
Calculate 9 - 12 - (-5 - (0 - -1)).
3
2 + -2 + 3 - 2
1
Calculate 10 + -6 + -6 + -3 + -1.
-6
What is the value of -7 + 1 - (1 - 6) - -5?
4
What is -3 + -12 + 3 - (-6 - -2)?
-8
Evaluate 3 + 4 + -13 - -10.
4
What is -7 + 3 + 4 + -4?
-4
Calculate 0 + (-3 - (-4 - (0 - 6))).
-5
What is (0 - -1) + 6 + -4 - 5?
-2
What is 2 - (-6 - -4 - -6)?
-2
What is (-4 - 2) + (3 - 0)?
-3
Evaluate 4 + 15 + -14 + (-8 - -1).
-2
Evaluate 3 + -6 + (6 - 3 - 0).
0
Evaluate (5 - (-2 + 3 - -2)) + -2.
0
(-6 - (-11 - 2)) + -1 + 3
9
-12 - (-1 + 3 + -10)
-4
0 - 3 - -1 - -2
0
Evaluate 2 - (10 + -1 + 30 + -31).
-6
Evaluate (0 + 0 - 2) + (1 - -4).
3
What is the value of 7 + -4 + 3 + -4?
2
Calculate 5 + -1 + 0 + 10 + -9.
5
Calculate 6 + -3 + (-2 - (-2 + 2)).
1
-12 + (8 - 2 - -1)
-5
What is the value of -14 - (-2 + (3 - 6))?
-9
Calculate -10 + (3 - -2) + 10 + -3.
2
Calculate -7 - (2 - 2) - (-79 + 79).
-7
Evaluate 2 + -2 + 3 + -18 + 15.
0
Calculate 30 - 20 - (6 - 0).
4
Calculate -2 + (4 - 0) + (-12 - -14).
4
Calculate 9 - 15 - (0 - (0 - -1)).
-5
What is the value of (32 - 30) + (1 - 3) - -1?
1
Calculate 0 - (1 + 3 + -1).
-3
What is the value of 3 + 2 + (1 - 2) - 0?
4
What is 21 + -9 + -3 - 4?
5
9 + (4 - 8) + -2
3
Calculate -5 + (25 + -8 - 7).
5
-3 - (-6 + (11 - (-3 + 9)))
-2
What is 13 - (-6 - -4 - -12)?
3
What is the value of 1 + -1 + (17 - 17) - -8?
8
What is the value of (5 - (11 + -7) - 5) + 0?
-4
Evaluate -1 + (2 - -1) + -5 + 0.
-3
Evaluate -1 + 1 - (-14 + 12).
2
What is the value of -9 - ((-9 - -5) + 0 + -2)?
-3
Evaluate 15 + -10 + (-8 + -2 - 2).
-7
6 - 0 - (21 - 17)
2
What is 6 + (-1 - 4 - (-7 + 2))?
6
What is the value of -11 - (-15 - (-12 + -2))?
-10
Calculate -5 + -55 + 62 + -1 + -11.
-10
7 + 9 + -10 - -3
9
Evaluate (-6 - -15 - 4) + (1 - 0).
6
Evaluate (-12 - -1 - (-3 - 2)) + 0.
-6
Calculate -2 + (3 - (-5 - (-1 - 3))).
2
-2 + -1 + (4 - (2 - 2))
1
Calculate -1 + (-3 - (2 - 1)) + 0.
-5
What is -6 + (8 - 8) + 6?
0
What is the value of 0 - -1 - (-4 - -1 - -6)?
-2
(5 + -11 - -14) + -5 - 4
-1
Evaluate (0 - 1 - (-5 + 3)) + 2.
3
What is 4 + -11 + 3 + 7?
3
Calculate 0 + -5 + -5 - (3 + -8).
-5
1 + 5 + -65 + 58
-1
Calculate (-68 - -66) + (0 + 1 - -1).
0
What is -1 + 4 + -6 + 5?
2
What is 2 + 1 + -11 + 6?
-2
Evaluate 8 - (-11 + 14 + (1 - 1)).
5
What is the value of 31 - 23 - (2 - -9)?
-3
Evaluate 6 - -2 - (5 + 8).
-5
What is -6 + (1 - (-5 - 0))?
0
33 - 28 - (9 - (1 - 1))
-4
Calculate 2 - -2 - (0 - -1).
3
What is the value of (6 - 2) + -2 + -2?
0
What is the value of -9 + 2 + 0 + 4?
-3
What is the value of -6 - (-1 + (-2 - -1))?
-4
What is 3 - 3 - 0 - (-43 - -43)?
0
Calculate -4 + 2 + -3 + -4 + 6.
-3
-13 + (-7 - -14) - -8
2
16 + -19 - (-1 + -5)
3
(-2 + -1 - -8) + -6
-1
What is the value of 2 + -3 + -1 - (-1 + 3)?
-4
1 + (-20 - -3) + (-75 - -83)
-8
What is the value of -3 + -2 - -5 - (-3 - -2)?
1
2 + 6 + -6 + -8
-6
(-14 - -5) + -1 + 11
1
What is 2 + (0 + -11 - -6)?
-3
Evaluate -1 + (-6 - (-15 + 1 + 1)).
6
What is the value of 3 + (8 - 3) + -5?
3
What is the value of -3 - (-9 - (-10 - 9) - 4)?
-9
Evaluate -1 - (1 - 2) - -4.
4
What is -7 - ((3 - 1) + -14)?
5
(-9 - -1) + (-6 - -11)
-3
1 + -1 + 19 + -12 + 0
7
What is -2 + (5 - 3 - 2)?
-2
Calculate -5 - (0 + -1 + 0) - -5.
1
What is (-4 - -4) + 14 - (1 + 6)?
7
(11 + -3 - 3) + -6
-1
What is the value of -2 - (-1 - 3) - (2 + 0)?
0
(4 + 1 - 2) + -1
2
Calculate -1 + (-1 - -2) + 10 + -11.
-1
Calculate -2 + -10 + 4 + 6.
-2
Calculate 4 - (-4 - -11) - 1 - -8.
4
Evaluate -12 + (0 - (-15 + 11)).
-8
-6 + 0 - (3 + -11 + -2)
4
Calculate -4 - (-2 + -2) - 3.
-3
Calculate 7 + -2 - (1 - -1).
3
What is the value of -3 + (0 - -2 - (5 + -7))?
1
What is -2 + 0 + 3 + (-9 - -6)?
-2
Calculate -4 - (-17 - -10) - 7.
-4
What is the value of -16 + (7 - -1) + 5?
-3
(0 - -2) + -8 + 5
-1
Calculate -3 - (0 + -3 + -4 + 5).
-1
Calculate (32 - 45) + (-2 - (1 - 11)).
-5
What is the value of (-3 - 5) + (-36 - -39)?
-5
-1 + 0 - (2 - (-7 - -9))
-1
2 + (1 - -3) - 4
2
What is 9 + -20 + 5 - (0 + 0)?
-6
Calculate (2 - -1) + -11 + 10.
2
-1 - ((-2 - -3) + -7)
5
Calculate 2 - (-1 + 4 + 1).
-2
Evaluate -2 + 1 - (-4 - -7).
-4
Calculate (-3 + 2 + -2 - -5) + -7.
-5
What is the value of -17 + 2 + 13 + -1 + -4?
-7
What is the value of -3 + 1 - 0 - -5 - 2?
1
0 + 5 - (12 - (16 + -6))
3
0 - -1 - (-7 - -10)
-2
Evaluate -5 + (3 - 0) + -1.
-3
Evaluate -38 - -36 - (-2 + -6).
6
What is the value of 4 + -7 + 6 + -1 + -7?
-5
What is the value of 5 - (0 - 3 - -6) - 0?
2
8 + (-14 - -5 - -8)
7
What is -4 + -2 + 1 + (-2 - 3)?
-10
What is (-8 - -3) + -6 + 6?
-5
(-5 - -1) + (-1 + 5 - -1)
1
(-15 - 1) + (111 - 100)
-5
3 - (-6 + 11) - -2
0
Calculate (-2 - (2 - 1)) + 26 + -28.
-5
Calculate -2 + (3 - 4) - (0 + -1).
-2
Calculate (5 + -3 - (3 - 0)) + 1.
0
Calculate -3 - -2 - (7 - 6).
-2
Calculate 6 - (13 - 6 - -6).
-7
What is (5 - (-2 + 4)) + -1 + 0?
2
Calculate 4 + -1 - (-3 + (5 - -2)).
-1
What is the value of 4 + (0 - 7) + 2?
-1
Evaluate -16 - -5 - -4 - 0.
-7
Evaluate (12 - 7 - (-1 + 6)) + 6.
6
What is 3 + (-1 - (-7 - 3 - -5))?
7
Calculate 7 + (13 - -2) + -11.
11
What is the value of -2 + 1 + -1 + 0?
-2
-1 + -1 + (2 - 2) - -1
-1
3 - ((6 - 3) + (1 - -2))
-3
What is the value of -2 + 7 + -4 + -6?
-5
Evaluate (3 - (-1 - -7)) + (-3 - -1).
-5
What is the value of 6 + (-11 - (-8 - -2))?
1
What is (3 + 2 + -3 - 5) + 0?
-3
Evaluate 1 + 6 + -10 + 1.
-2
What is the value of 7 + (-1 + 3 - (-1 + 5))?
5
Calculate -1 - (-10 + 3 + 5).
1
Calculate 8 + (-5 - 5 - -4) + -3.
-1
What is the value of (-3 - -7) + (0 - 3)?
1
Calculate (-1 - 2) + (14 - 13).
-2
Calculate -11 + -1 + (-8 + 6 - -6).
-8
Evaluate -12 - (4 + -12 + 1).
-5
What is the value of 3 - 4 - (-3 - -4) - -3?
1
What is -5 + -11 + 5 + 8?
-3
Calculate -14 - (4 - -5 - 18).
-5
Calculate 7 + -13 + (15 - 13).
-4
What is 2 - (5 - (16 - 7))?
6
Calculate (2 - (-3 + -4 - 1)) + -2.
8
What is the value of -1 - (-6 - (-2 - -2))?
5
What is 2 - (-1 - (-11 + 5 - -5))?
2
What is the value of -1 + 3 - (2 + -1)?
1
What is the value of (-2 - (-5 - -2)) + -3?
-2
What is (-2 - -2) + (-26 - -20) - -8?
2
What is the value of -3 + (-7 - 3 - -7)?
-6
What is -2 + (-6 - 6) - -23?
9
What is 2 + 4 + (-6 - 8)?
-8
Calculate 9 + 1 - 1 - 4.
5
Evaluate 7 + (1 + 0 - (29 + -26)).
5
Calculate -7 + 6 + (8 - 8).
-1
(-1 - -8) + (0 + 2 - 7)
2
2 + 0 + 4 + 0 + -14
-8
Calculate -3 + (-2 - 6) + -9 + 25.
5
What is (8 - 1) + 5 + -8?
4
(-1 - 5) + (11 - -4) + -4
5
-4 + 3 + -5 + 5
-1
What is the value of (-4 - 1) + 4 - -5 - 0?
4
What is -4 - (0 + -4 + 1) - 5?
-6
Calculate -4 - (5 - (3 - 1 - -2)).
-5
What is 1 + -5 + (14 - 11) + -1?
-2
Evaluate 5 + -7 + 2 + -1 + -5.
-6
Calculate 2 - (-1 + (-1 - -1) + 1).
2
(2 - (18 + -15)) + -9
-10
What is the value of 1 - -2 - 2 - (4 - 1)?
-2
4 + 3 + -4 + -1 + 3
5
What is the value of 0 + -2 - (2 + -4 + 1)?
-1
What is -7 + 2 + -14 + (-4 - -20)?
-3
-4 + 6 - (-4 - -5)
1
12 + (-13 - -9) + 2
10
Calculate 1 - (3 + (3 - 4)).
-1
What is -1 + -5 + 1 + 9?
4
Evaluate 3 + -1 + 1 + 2.
5
Evaluate -5 + (1 - 2) - -7 - -5.
6
Evaluate 12 - (5 + 12 + -7).
2
What is the value of -2 + 6 + -5 - (2 - 1)?
-2
Calculate 5 - ((-11 - -8) + 7 - 0).
1
What is the value of -1 + 11 + -4 + -2?
4
What is -28 - -29 - ((0 - 2) + 5)?
-2
Calculate 2 - -2 - (11 + -7).
0
(1 + 16 - 8) + -4
5
What is the value of 5 + (-15 + 3 + 5 - -3)?
1
What is the value of 4 - (2 + -3 + 4 - 0)?
1
What is (30 - 9) + -11 + -11?
-1
What is the value of 11 + -15 + 6 + -2?
0
-3 + (-1 - (-2 - 5))
3
Evaluate (10 - (-6 + 3)) + -4.
9
1 - (-13 - (-4 + -10))
0
Calculate -7 - -2 - (-7 - -7).
-5
Calculate 2 + -12 - (-4 + 1 - 4).
-3
(-28 - -31) + (-1 - -1) + -4
-1
What is 29 - 24 - (-1 - -9)?
-3
Calculate -17 - (-2 - (-2 + 10)).
-7
What is the value of (4 - (10 + 1) - -5) + -1?
-3
-4 - -2 - (-2 - (1 - 0))
1
What is the value of -11 + -9 + 18 + (1 - 2)?
-3
What is the value of (5 - 3 - 4) + 7?
5
Evaluate 1 - ((-3 - -1) + -13 + 15).
1
What is 0 + (-1 - -4 - 3) + 1?
1
Calculate -4 + (1 - -5) + (-3 - 0).
-1
Calculate -2 - -9 - (15 + -12).
4
Calculate (-3 - -1 - 7) + -6 + 11.
-4
(-2 - 0) + 0 + 5
3
Calculate 1 - (2 + -2) - 